)?
2
Evaluate (-9 + 4 - 14 - -23) + -2 + 9.
11
What is the value of -9 + -13 + (32 + -9 + -51 - 39)?
-89
26 + (-55 - 14 - -78)
35
Evaluate -48 + 4 + -8 + (4 - 9 - -12).
-45
What is the value of (-46 - -28) + (-4 + -17 - -108)?
69
Calculate (6 - 10 - -4) + 9 + 24 + (-16 - -20).
37
Calculate (-2 - (-2 + 0)) + (34 - 24 - 10) + -34.
-34
Evaluate 44 - (106 + 45 + -129).
22
(5 - (-1 - -10)) + (-7 - -18) + -17
-10
-10 + (-15 - (-9 + -1 - -18)) + -13
-46
What is -52 - ((-40 - -51) + -16)?
-47
What is the value of (4 - 1 - 4) + (1 - -8) + 6611 + -6695?
-76
What is (-137 - -213 - 16) + (11 - (0 + (0 - 1)))?
72
Calculate (5 - 2 - (68 - (7 - -65))) + (0 - 37).
-30
Calculate (-2 - 13) + 33 + -15 - 7 - -109.
105
What is 61 + (369 + -377 - (1 + 1 - -5))?
46
What is the value of -76 + 36 + -32 + 30?
-42
Evaluate 21 + -3 - (76 + -113 - 5).
60
-71 - (-101 - 14 - -29)
15
What is the value of 7 + (-18 - ((4 - -17) + -36))?
4
19 + -62 + 45 + -45
-43
Evaluate (-1 - -59) + (111 - (329 - 241)).
81
Evaluate (23 - 7) + (-3 - 14 - -62).
61
What is the value of -3 - (17 - 25 - 6 - (66 - -1))?
78
Calculate -15 - ((-3 - ((-8 - -12) + -22)) + 0).
-30
3 + 2 - (-2 - (-12 + 20) - 97 - 5)
117
Evaluate 12 + 1 + -2 + (-21 + -44 - -46) - 10.
-18
Calculate -88 - (-13 - (4 - -64)).
-7
94 + (-16 - (13 + 17 + (-18 - 26)))
92
Calculate (-1 - 2) + (-4 - -5) + -184 + 177 - 12.
-21
What is 3 + 28 + (103 - (-1 - 15))?
150
Calculate 30 - -77 - (112 - -87).
-92
What is (-32 - ((-6 - -3) + -6 - -6)) + -8?
-37
15 - -19 - ((5 - (1 - (6 - 7))) + 1)
30
Evaluate -17 + 2 + 12 - (28 + 5).
-36
What is (-3061 - -3050) + (83 - (5 + -5))?
72
Calculate 33 - ((-4 - 23) + -194 + 150).
104
-15 - (-28 + 40 + -8 + -97)
78
What is the value of -11 - -2 - (73 + -78) - 8?
-12
Calculate 6 + 24 + (3 - -4) - (-1 + -11).
49
Evaluate -121 + 56 + 60 - -70.
65
(10 + 102 - -46) + -96
62
What is the value of (38 - (218 - 66)) + 37?
-77
19 - -1 - (-7 - -144 - (115 + -97))
-99
What is -69 + -18 + 18 + 43 + -42?
-68
Evaluate (33 - (16 - -42)) + 15 - -73.
63
What is the value of 56 - (-7 + (9 - (-3 + 6 + 1 + -6)))?
52
Evaluate 21 - (13 + 2 - (-190 + 180)).
-4
Calculate (17 - 71) + 100 - (3 + 13 - 2).
32
Evaluate -99 + 21 + -20 + 41.
-57
What is the value of (18 - -2) + 3003 + -3081?
-58
16 - (8 - (75 - -6))
89
What is the value of (-53 - (15 - 28)) + -4?
-44
Calculate (12 - ((1 - -14) + 60 + -73)) + -33.
-23
What is 18 + (-11 + 2 + 0 - (363 + -242))?
-112
Evaluate 3 + (28 - (-27 - -76 - 2)).
-16
41 + -54 + -13 - 16
-42
-47 + 20 + 8 + (9 - 44)
-54
What is 83 - (1024 + -1016 + -1 + 27)?
49
Evaluate 70 - 109 - -46 - -96.
103
What is -15 + (-3 - -15) + -11 + 47?
33
Evaluate (-58 - -27 - 4) + -5.
-40
Calculate -155 + (-5 - -1 - (287 - 293) - -20).
-133
Evaluate 47 - (92 + (-71 - -46)).
-20
What is the value of 120 + -76 - (-1 - -13)?
32
Evaluate -1297 + 1311 - (-2 - (-1 + -3) - 45).
57
What is -62 + (-21 + 38 + -21 - -25)?
-41
Evaluate -1 + -107 + (-28 - (28 + -35 + -29)).
-100
Calculate -35 + 2 - (178 - 218).
7
Evaluate -26 + -3 + (-17 - -7) - (-16 - -15).
-38
Evaluate (-14 - (-14 - 14)) + (38 - 34) - (-2 - 11).
31
What is 24 + (2 + -5 - -2 - 3) + 17?
37
Evaluate (1 - (-4 - 8) - 102) + 22.
-67
Calculate -2 + (-50 - -1) + (-17 - (-18 - (16 - 5))).
-39
What is (4 + -22 - -5) + -21 + (32 - 9) - 2?
-13
Calculate (-45 - (21 + -48)) + (-4 - -1) + -9 + 19.
-11
What is the value of (134 - 138) + 23 + (0 - 19)?
0
What is -86 - (-22 - (-86 - -75))?
-75
Calculate -102 + (0 - 18 - -7) - -32.
-81
-1779 + 1855 - ((6 - 0) + -13 + 11)
72
What is the value of 14 + (-18 - (8 - -18)) + 8?
-22
Calculate (41 - (-103 + 60)) + -59.
25
(30 - (21 - -42)) + (17 - 14)
-30
16 - (17 + 1 + (-280 - -262)) - 13
3
What is -45 + 12 + -12 + 41?
-4
(3 - 107) + -6 + -19 + 16 + -12 + 36
-89
What is (27 - (516 + -492 + (-12 - (-1 - 1)))) + -84?
-71
(28 - (-9 - (-54 + 24))) + -27
-20
What is the value of -39 + -40 + 84 + -78?
-73
Evaluate (-28 - -1) + 1808 + -1811.
-30
What is -533 + 581 - (0 - 1)?
49
Calculate 9 + (-12 - -6) - (-14 - (1 - -16)).
34
Evaluate (52 + -36 - 23) + (2 - 5 - (43 - -1)).
-54
What is the value of (-74 - (-30 - 11)) + 54 + (101 - 0)?
122
Evaluate -43 - (-46 + 162 - 66).
-93
What is the value of -220 - (119 - 325) - (-94 - 0)?
80
What is the value of -2 + 0 + 0 - (-49 + 51) - -31?
27
Evaluate (3 - 1) + -60 + 3 + 19 - 8.
-44
Calculate 76 - 72 - (7 + -7 + 2 - 0).
2
-74 + 62 + -37 - (6 + 1)
-56
Evaluate -22 - -35 - 50 - -81.
44
-608 + 706 - (-1 - -25)
74
Calculate (43 - 42) + 5 - (-3 - -40).
-31
What is (22 - (-9 - -46)) + -18 + 8 + -6?
-31
What is -31 + (2 - -2) + (6 - (-4 - -12)) + -2?
-31
What is the value of -6 + 2 + 24 + 2 + -9 - 15?
-2
What is the value of -105 + (-4 - (1 + 8 + 5 + -41 + 19))?
-101
Evaluate -2240 + 2357 - (-3 - -37).
83
What is the value of (0 - (-34 - -22) - 30) + 25 - 7?
0
What is the value of -1 + -2 - (113 - 99) - (90 - 34)?
-73
4 + (-2 + 4 - 5 - -8) + 114 + -116
7
Evaluate -8 - 11 - (-156 - -100).
37
-1 - (-13 + 6 - (-11 - (-3 - (3 - 0))))
1
-1 - -13 - (16 + -1 + 26 - 31)
2
Evaluate 54 + -7 + (9 - 2 - ((-56 - -31) + 26)).
53
What is (-39 - (2 - 43)) + (0 - 10) + -44?
-52
Calculate (92 - (34 - -28)) + (5 - -7).
42
Evaluate (-4 - -48) + (49 - 23) + (-4 - 14).
52
What is -31 + -2 + -9268 + 9256?
-45
(-15 - -4 - 15) + -109 + 73
-62
What is the value of -18 - ((15 - -6) + -35) - -15?
11
Evaluate (-28 - (-56 + 10 + 12)) + (-7 - (-2 + 2)).
-1
Calculate (15 - 49) + (0 - 0 - (16 - 11)).
-39
9 + -52 - (-27 - -2 - -3)
-21
What is the value of -19 - (74 - 60) - (2 + -4)?
-31
Evaluate 38 - 8 - (-246 + 308).
-32
Calculate 0 - -14 - (-3692 + 3713).
-7
Calculate (6 - (5 - 7) - (9 - 12 - 1)) + 39.
51
What is the value of -1 + -28 + (-50 - (77 + -238))?
82
Calculate 3 + 0 + -1 + 19 - (10 - 15).
26
-57 + (3 - -5) + (-11 - 1) + 13 - -3
-45
Evaluate (-27 - (33 + -35 + -47)) + 23.
45
Calculate (-4 + -8 + 7 - -6) + (8 - -12 - -101).
122
-1 - (13 + (-13 - -5) + -17) - -87
98
Evaluate 39 - -2 - ((0 - 23) + 8 + 1).
55
What is the value of (-3 - (-12 - -2)) + -8 + -3 + -32 + 109?
73
What is the value of (2 - -3) + (-12 - (-18 - 15 - -12))?
14
Evaluate (35 - 29) + -126 - -136.
16
Calculate (-71 - (-46 + 38)) + 48 - ((0 - -12) + 0).
-27
Evaluate (-20 - -3) + (-27 - -51) + -1 - -110.
116
What is 101 - 24 - 10 - 63?
4
What is the value of -63 + (-32 - (-25 - -10)) + 35?
-45
What is the value of (-6 - -8 - (-93 - 23)) + -33?
85
What is the value of -72 + 2 + 51 + -118 + 103?
-34
(0 - -1) + -45 - (-104 - (90 + -205))
-55
What is (64 - (13 + -10)) + 28 + -24 + -11?
54
Evaluate -1 + 12 - 1 - (-9 + -17 + 50 - 61).
47
Evaluate -7 - 29 - (76 + -174).
62
Evaluate -14 - (-13 - (-18 + 16 + (-4 - -17))).
10
22 - (-6 + 23 - 43) - (7 + -6 + 5)
42
Evaluate -26 - (12 - 29 - (64 - -3)).
58
What is (18 - -2) + -28 + 20 + (8 - 11) + 15?
24
What is the value of (0 - (-15 + -1)) + (-161 - -108) + 104?
67
What is 114 + -104 - (7 - (-2 - -2))?
3
Evaluate 0 + 31 + -65 - -78.
44
What is the value of (28 + 0 - (131 + -117)) + -18 + 33?
29
9 + -22 + (6 - 2) - 20
-29
What is -3 - (-12 - 10) - 84?
-65
What is 16 + (-13 - -46) - (-6 + (10 - (-1 + -1)))?
43
Evaluate 0 + -7 - (-10 + (85 + 3 - -16) + 13).
-114
What is 5 - 6 - 3 - (-69 + -6 + 26)?
45
Calculate 60 - (58 + 15) - -20.
7
What is (-1 - (-33 - -4) - 29) + 3 + 1?
3
Calculate 27 + (27 - ((19 - 21 - -23) + -9)).
42
What is 4 + 6 + (298 - 215) - -21?
114
1518 + -1527 + (-43 - 2)
-54
What is (-39 - (15 + -35)) + -36 + 38?
-17
Evaluate -1 + -32 + -14 + 29 + 17 - (1 - 23).
21
What is the value of (4 - 4 - 3) + (1 - 19) + (-255 - -189)?
-87
What is 14 - ((228 - 191) + 2 + -7)?
-18
Evaluate (-6 - -2) + -26 + (1 - -23).
-6
What is (19 - 22) + 19 + -4 + (-9 - -22)?
25
Evaluate (0 - (-4 - -1 - -1)) + (-10 - (6 - 20)).
6
0 - 40 - (59 - (142 - 64))
-21
What is the value of 5 + 1 + 0 + (124 - (15 - -38 - 52))?
129
Evaluate -34 - (-6 + 12 + -5 + (8 - 0) + -16).
-27
What is (166 - (104 - -20)) + -102?
-60
13 - (-3 + (10 - -18) + 16 + 15)
-43
Calculate 3 + 8 - (-76 + -11) - (2 + 4 + -16).
108
Evaluate 31 + 57 + (-72 - -64).
80
Calculate -5 - 8 - 5 - ((0 - -30) + -23).
-25
Calculate (-5 - (-94 + 7)) + -8 + -4 - (4 + 0).
66
Evaluate -21 + -11 + -21 + 24 + 3.
-26
What is 53 + -90 + 34 + 24?
21
Calculate 4 - (-50 + -16 + 84 - (13 + -1)).
-